8?
6
What is the remainder when 3838 is divided by 167?
164
Calculate the remainder when 339 is divided by 10.
9
What is the remainder when 201 is divided by 16?
9
What is the remainder when 156 is divided by 32?
28
Calculate the remainder when 103 is divided by 32.
7
What is the remainder when 755 is divided by 84?
83
What is the remainder when 8378 is divided by 63?
62
Calculate the remainder when 580 is divided by 73.
69
Calculate the remainder when 3810 is divided by 1263.
21
What is the remainder when 323 is divided by 10?
3
What is the remainder when 347 is divided by 58?
57
What is the remainder when 1272 is divided by 19?
18
What is the remainder when 1272 is divided by 15?
12
What is the remainder when 324 is divided by 67?
56
What is the remainder when 807 is divided by 54?
51
Calculate the remainder when 716 is divided by 340.
36
Calculate the remainder when 256 is divided by 52.
48
What is the remainder when 126 is divided by 16?
14
What is the remainder when 182 is divided by 37?
34
What is the remainder when 164 is divided by 25?
14
Calculate the remainder when 244 is divided by 14.
6
What is the remainder when 609 is divided by 61?
60
Calculate the remainder when 322 is divided by 213.
109
What is the remainder when 299 is divided by 96?
11
Calculate the remainder when 814 is divided by 94.
62
Calculate the remainder when 138 is divided by 15.
3
Calculate the remainder when 384 is divided by 128.
0
What is the remainder when 98 is divided by 76?
22
What is the remainder when 1460 is divided by 684?
92
Calculate the remainder when 925 is divided by 29.
26
Calculate the remainder when 1423 is divided by 102.
97
Calculate the remainder when 68 is divided by 18.
14
Calculate the remainder when 23 is divided by 12.
11
What is the remainder when 61773 is divided by 48?
45
What is the remainder when 516 is divided by 116?
52
What is the remainder when 28209 is divided by 10?
9
What is the remainder when 466 is divided by 120?
106
What is the remainder when 17 is divided by 10?
7
Calculate the remainder when 144 is divided by 25.
19
Calculate the remainder when 45 is divided by 41.
4
Calculate the remainder when 117 is divided by 7.
5
Calculate the remainder when 4157 is divided by 27.
26
What is the remainder when 85 is divided by 37?
11
What is the remainder when 1915 is divided by 383?
0
What is the remainder when 2976 is divided by 299?
285
What is the remainder when 572 is divided by 24?
20
What is the remainder when 1396 is divided by 30?
16
Calculate the remainder when 1590 is divided by 177.
174
Calculate the remainder when 2055 is divided by 294.
291
What is the remainder when 69 is divided by 4?
1
What is the remainder when 535 is divided by 77?
73
What is the remainder when 1755 is divided by 4?
3
Calculate the remainder when 825 is divided by 39.
6
Calculate the remainder when 703 is divided by 26.
1
Calculate the remainder when 129 is divided by 49.
31
What is the remainder when 461 is divided by 33?
32
What is the remainder when 901 is divided by 41?
40
Calculate the remainder when 76 is divided by 6.
4
What is the remainder when 449 is divided by 119?
92
What is the remainder when 75 is divided by 23?
6
Calculate the remainder when 74 is divided by 25.
24
What is the remainder when 942 is divided by 135?
132
Calculate the remainder when 556 is divided by 13.
10
What is the remainder when 413 is divided by 16?
13
Calculate the remainder when 656 is divided by 43.
11
Calculate the remainder when 310 is divided by 63.
58
What is the remainder when 669 is divided by 60?
9
Calculate the remainder when 1343 is divided by 14.
13
Calculate the remainder when 218 is divided by 115.
103
Calculate the remainder when 167 is divided by 36.
23
Calculate the remainder when 411 is divided by 69.
66
Calculate the remainder when 4521 is divided by 38.
37
Calculate the remainder when 297 is divided by 51.
42
Calculate the remainder when 400 is divided by 5.
0
What is the remainder when 230 is divided by 57?
2
What is the remainder when 2454 is divided by 63?
60
Calculate the remainder when 314 is divided by 16.
10
Calculate the remainder when 949 is divided by 56.
53
What is the remainder when 987 is divided by 33?
30
What is the remainder when 13 is divided by 10?
3
Calculate the remainder when 245 is divided by 81.
2
Calculate the remainder when 69 is divided by 10.
9
Calculate the remainder when 929 is divided by 31.
30
What is the remainder when 172 is divided by 64?
44
Calculate the remainder when 2093 is divided by 33.
14
Calculate the remainder when 321 is divided by 88.
57
Calculate the remainder when 34 is divided by 15.
4
Calculate the remainder when 470 is divided by 34.
28
What is the remainder when 8888 is divided by 12?
8
What is the remainder when 576 is divided by 183?
27
Calculate the remainder when 2155 is divided by 8.
3
Calculate the remainder when 286 is divided by 67.
18
What is the remainder when 8222 is divided by 9?
5
What is the remainder when 86 is divided by 50?
36
What is the remainder when 979 is divided by 85?
44
What is the remainder when 272 is divided by 70?
62
Calculate the remainder when 7481 is divided by 23.
6
What is the remainder when 448 is divided by 25?
23
Calculate the remainder when 282 is divided by 94.
0
What is the remainder when 188 is divided by 58?
14
Calculate the remainder when 4364 is divided by 48.
44
Calculate the remainder when 61 is divided by 16.
13
Calculate the remainder when 40 is divided by 7.
5
What is the remainder when 577 is divided by 155?
112
Calculate the remainder when 778 is divided by 23.
19
What is the remainder when 356 is divided by 190?
166
Calculate the remainder when 2969 is divided by 55.
54
What is the remainder when 60 is divided by 12?
0
What is the remainder when 833 is divided by 29?
21
Calculate the remainder when 3392 is divided by 23.
11
What is the remainder when 464 is divided by 99?
68
What is the remainder when 11564 is divided by 8?
4
Calculate the remainder when 356 is divided by 14.
6
Calculate the remainder when 198 is divided by 67.
64
What is the remainder when 1390 is divided by 2?
0
What is the remainder when 477 is divided by 40?
37
Calculate the remainder when 5990 is divided by 11.
6
What is the remainder when 2576 is divided by 15?
11
Calculate the remainder when 80 is divided by 66.
14
Calculate the remainder when 2044 is divided by 28.
0
What is the remainder when 399 is divided by 10?
9
Calculate the remainder when 59 is divided by 38.
21
Calculate the remainder when 27502 is divided by 7.
6
What is the remainder when 81 is divided by 15?
6
What is the remainder when 66 is divided by 2?
0
What is the remainder when 513 is divided by 34?
3
Calculate the remainder when 934 is divided by 18.
16
What is the remainder when 16295 is divided by 38?
31
Calculate the remainder when 355 is divided by 72.
67
What is the remainder when 469 is divided by 94?
93
Calculate the remainder when 370 is divided by 29.
22
What is the remainder when 219 is divided by 79?
61
What is the remainder when 1944 is divided by 483?
12
What is the remainder when 469 is divided by 95?
89
What is the remainder when 225 is divided by 26?
17
What is the remainder when 560 is divided by 95?
85
Calculate the remainder when 151 is divided by 38.
37
Calculate the remainder when 1102 is divided by 158.
154
What is the remainder when 357 is divided by 349?
8
What is the remainder when 700 is divided by 694?
6
Calculate the remainder when 565 is divided by 193.
179
Calculate the remainder when 153 is divided by 32.
25
Calculate the remainder when 1020 is divided by 14.
12
What is the remainder when 460 is divided by 29?
25
What is the remainder when 254 is divided by 15?
14
Calculate the remainder when 381 is divided by 99.
84
What is the remainder when 1152 is divided by 33?
30
What is the remainder when 320 is divided by 138?
44
Calculate the remainder when 1217 is divided by 1185.
32
Calculate the remainder when 486 is divided by 198.
90
What is the remainder when 37 is divided by 21?
16
What is the remainder when 1330 is divided by 43?
40
What is the remainder when 239 is divided by 47?
4
What is the remainder when 104 is divided by 31?
11
Calculate the remainder when